 m. Suppose -5*v + 20 = 5*g - 10*g, 5*g = v - 4. Give z(v).
4
Let m be 3*(0 - 2)/(-6). Let s = m + 3. Let u(j) be the third derivative of j**5/60 - j**4/6 + j**3/2 - j**2. What is u(s)?
3
Let p(m) be the first derivative of -m**6/360 + 2*m**3 + 4. Let s(l) be the third derivative of p(l). Determine s(2).
-4
Let a(z) = 4*z - 4. Let o(p) = p**2 - 4*p + 4. Let f be o(4). Determine a(f).
12
Let t(p) = -4*p - p - 2 + 0 - 2 + p**2. Determine t(5).
-4
Let g(b) = -4*b - 2. Let m(h) = -4*h - 3. Let d(o) = 4*g(o) - 3*m(o). Determine d(1).
-3
Let l(g) be the second derivative of -13*g**4/12 - 21*g. Calculate l(-1).
-13
Let b(t) = -7*t. Let i(r) = -20*r - 1. Let x(s) = -8*b(s) + 3*i(s). Determine x(-2).
5
Let c(v) = -v - 4. Suppose -3*p + 3 = 0, -w - 2 + 3 = -2*p. Determine c(w).
-7
Let u(w) = w + 7. Let h be 0 - (12 + (-3)/1). Let m be u(h). Let b be (60/24)/(m/4). Let p(v) = -v**2 - 6*v - 7. What is p(b)?
-2
Let d(r) = 5*r**2 - 9*r - 1. Let u(i) = -9*i**2 + 17*i + 2. Let n(l) = -11*d(l) - 6*u(l). Determine n(-2).
1
Suppose -1 - 8 = -3*p. Let i(a) be the second derivative of 5*a**3/6 - a**2 - 89*a. Give i(p).
13
Suppose -5*m + 57 = -3*z - 4, 0 = -4*m + 20. Let x = z - -11. Let s(c) = 8*c**2 + 2*c + 1. Calculate s(x).
7
Let d(p) = -7*p - 1. Let q(m) = 3*m + 1. Let a(t) = 2*d(t) + 5*q(t). Let j(x) = -5*x - 13. Let i(n) = -9*a(n) - 2*j(n). What is i(5)?
4
Let x(h) = 12*h**2 + 1 - 11*h**2 - 3*h + 0. Calculate x(3).
1
Let c(v) = -4 + 10 - 10 + 3*v. Determine c(5).
11
Let k(g) be the third derivative of -g**6/120 - g**5/60 + g**4/12 + g**3/6 + 2*g**2. Let c = 10 - 8. Let z = -3 + c. What is k(z)?
-1
Let j = -2 + 8. Let w = 3 - j. Let m(f) = -3 + 2 + 2*f + 1 + 3. Determine m(w).
-3
Suppose f = -6 + 2. Let p be (-9 + 6)/(3/f). Let v(l) = l**2 - 3*l - 4. Give v(p).
0
Let s(t) = -3*t - 14 + t**2 - 2*t + 13. Determine s(4).
-5
Let x(y) = y - 7. Let h be x(3). Let z(w) be the first derivative of -2 - w - 1/2*w**2. Give z(h).
3
Let w(y) = -2*y - 7. Let a be 108/(-22) - (-15)/(-165). Calculate w(a).
3
Let s(l) = -2*l**2 + l - 1. Suppose 0 = -a + 2, -5*a - 6 = -0*u - 4*u. Suppose -28 = -u*b - 5*p, b - 2*p + 6 = -0*b. What is s(b)?
-7
Let q(o) be the first derivative of 3*o**2 - 9 + 1/3*o**3 + 0*o. What is q(-5)?
-5
Let x(t) = -t + 3. Let v(n) = -n**2 - 8*n - 8. Let u be v(-6). What is x(u)?
-1
Let m(y) = -y - 4. Suppose 2*c = -3*g + 3*c + 12, 24 = 4*g - 4*c. Determine m(g).
-7
Suppose -3*w = 2*w - 45. Let a(z) = 0*z - w*z - z**2 - 9 + 1 + 1. Determine a(-7).
7
Let z(u) be the first derivative of -u**3/3 - u**2/2 - 8*u - 34. Give z(0).
-8
Let h be (8/(-2))/(6/(-24)). Suppose 5*p + 23 = 2*k, -1 + h = -5*k - 2*p. Let i be -2*5*k/2. Let v(n) = n**2 - 7*n + 3. Give v(i).
-7
Let h(g) = g + 10. Let s(m) = 3*m**2 + 12*m - 2. Let z be s(-3). What is h(z)?
-1
Let d(i) = 2*i**3 + 16*i**2 + 18*i + 1. Let f(b) = b**3 + 8*b**2 + 9*b. Let h(l) = 6*d(l) - 11*f(l). Determine h(-7).
-8
Let v be (-60)/21 + 1/(-7). Let n(t) be the second derivative of t**3/6 - 3*t**2/2 + t. Give n(v).
-6
Let r(m) = -m**2 + m + 1. Let l = 3 + 7. Suppose 0 = 3*k - v - 7, -2*k - 5*v = 28 - l. Suppose -3 = -2*a + k. Calculate r(a).
-1
Let n(d) = d**3 + d**2 - d + 1. Let l be (-5)/1 - (4 + (-2 - 5)). Determine n(l).
-1
Let w = -49 + 47. Let v(m) = -m**3 - 2*m**2 + m - 1. What is v(w)?
-3
Let x(y) = y**2 - 3*y + 4. Suppose 2*l + 4 = f - 0, 0 = -3*f - 2*l + 20. Let h(i) = -9 + 4*i - 3*i + i. Let g be h(f). Give x(g).
4
Let r(b) = -2*b + 18. Let s(q) = -q + 9. Let d(j) = 3*r(j) - 7*s(j). Determine d(6).
-3
Let g(z) = z**3 + 2*z**2 - 1. Let f be g(-1). Let i(u) = 2 + u + f + 0. Let v(a) = a**2 + 8*a + 4. Let l be v(-8). Give i(l).
6
Let q(n) = 3*n + 5. Let k(y) = -3*y - 5. Let j(t) = 3*k(t) + 2*q(t). Suppose -5*p - 2*i = -i + 9, 0 = p + 4*i + 17. Let r be 2/p - (3 + -1). Calculate j(r).
7
Let m = 7 - 6. Let z(j) = -7*j - 7. Let d(p) = p**2 + 1. Let v(h) = m*z(h) + d(h). What is v(6)?
-12
Let y(s) be the third derivative of -s**7/840 - s**6/72 - s**5/40 - 2*s**3/3 + s**2. Let f(t) be the first derivative of y(t). Give f(-3).
-9
Suppose -2*g + 14 = -3*x, g = -4*x - 2*g + 4. Let t(j) = 2*j**2. Determine t(x).
8
Suppose -3*x + 2*v + 11 = 0, 24 = 4*x - 0*v - 5*v. Let r(b) = -19*b**2 + b. Calculate r(x).
-18
Let r(q) be the second derivative of q**3/3 - 5*q**2/2 - 10*q. What is r(4)?
3
Let p(i) = -7*i**3 - 4*i**2 + 9*i + 1. Let z(n) = -3*n**3 - 2*n**2 + 4*n + 1. Let q(c) = 2*p(c) - 5*z(c). Give q(-3).
-6
Let z(k) = 38*k**2 - 3*k - 39*k**2 + 3 - 2*k + 2*k. Calculate z(-5).
-7
Let h(n) = -3*n**3 - 2*n - 2*n**3 + 0*n**2 + 6*n**3 + n**2. Determine h(-3).
-12
Suppose -16 = -4*q - 3*v, 2*q - v - 5 - 3 = 0. Let y(o) = 0 - 4 - o**2 - 3*o + 8*o. Calculate y(q).
0
Let q(l) = l**2 - 9*l + 9. Let o be q(8). Let p(b) = 4*b**3 + 4*b**2 - 1. Let j(a) = -a**3 + a**2. Let x(h) = -3*j(h) + p(h). Determine x(o).
7
Let q(z) = -z**2 + 4*z. Let g be q(5). Suppose -4*w = -3*c - 35, 0 = -w - w + 5*c + 35. Let b(o) = 0*o**2 + 8 + w*o - 3 + o**2. Calculate b(g).
5
Let n(c) = -c**2 + 0*c**2 - 6*c**2 - c**3 - 2 - 7*c - 5. Let o(w) = w**2 + 7*w + 6. Let j be o(-4). What is n(j)?
-1
Let i(n) = 2*n**2 + 2*n + 2. Let b(y) = -y**3 - 5*y**2 - 3*y. Let w be b(-4). Let h = 0 - w. Suppose -h*k = -0*k + 8. Determine i(k).
6
Let h = 14 + -12. Let m(s) = 0*s**3 - 4*s**2 + 7*s**2 - 4*s**3 - 2*s**h. Give m(-1).
5
Let r(l) = l**3 + 2*l**2 - l. Let n be (-29)/(-3) + (-3)/(-9). Let y = 11 - n. Give r(y).
2
Let v(x) = -x - 1. Suppose 3 - 2 = -s. Let k(w) = -6*w**2 - 2*w - 1. Let q be k(s). Calculate v(q).
4
Let p be (18/(-5))/(3/(-10)). Let n be (p/(-15))/((-4)/30). Suppose 2 = 2*d + l, -4*d = -9*d - 2*l + n. Let z(u) = u**3 - 4*u**2 + u - 2. Determine z(d).
-8
Let b = -126 - -125. Let c(x) = 13*x - 1. Give c(b).
-14
Suppose 3*j - 12 = -0*j, -r - 3*j = -11. Let w(x) be the second derivative of 0*x**2 - 2*x + 0 + 2/3*x**3. Give w(r).
-4
Let a = 1 + 2. Let h(d) = d**2 - d**a + 2 + 2 + 1. Give h(0).
5
Suppose 3*s = -v + 11, 2*s - 7 = -4*v - 3. Let t be (-1)/(2*v/6). Suppose -4*x + t = -1. Let k(f) = -f**3 + 2*f - 1. Determine k(x).
0
Let g(b) = b**3 + b**2 + 3. Let m be 20/(-70) - (-4)/14. What is g(m)?
3
Let o(a) = -11*a + 7. Let u(p) = -5*p + 3. Let g(j) = 6*o(j) - 13*u(j). What is g(2)?
1
Let g(a) be the first derivative of -a**2 + a + 18. Determine g(6).
-11
Let b(r) = 4 + 4 - r**2 - 7*r - 1 + 3. Let x be b(-8). Let q(s) = -3 + 1 + x*s - 3*s. Calculate q(-4).
2
Suppose 5*m + 4*r = 2, 4*m + r - 5 = 1. Suppose 0 + 1 = d. Let n(s) = -d - s**3 - m*s + 4*s + s**2 + 0. What is n(2)?
-1
Let c(h) = 6*h + 2*h - 10*h - 4. What is c(-3)?
2
Suppose -6*w + 10 = -4*w. Let v(c) = -11*c**2 + 21*c - 15. Let u(r) = -7*r**2 + 14*r - 10. Let n(q) = 8*u(q) - 5*v(q). Calculate n(w).
5
Let p(c) be the third derivative of -c**4/8 - c**3/6 - c**2. Suppose -b = b - 2. Calculate p(b).
-4
Suppose -3*r + 34 = 4. Let k(v) = v**3 - 10*v**2 + v - 6. Give k(r).
4
Let t = 2 + -4. Let f(h) be the second derivative of -h**5/20 - h**4/6 + h**3/6 - h**2/2 + 4*h. Let g be f(t). Let v(y) = 2*y + 1. What is v(g)?
-5
Let b = -12 - -18. Let g(m) = m**3 - 7*m**2 + 4*m + 2. What is g(b)?
-10
Let c(d) = d**2 + d - 2. Let u = 7 - 4. What is c(u)?
10
Let h = -11 + 15. Suppose 0 = -4*f + 2*m + 22, -2*f + h = -f + m. Let s(v) = -v + 5. Give s(f).
0
Suppose -2*y + 3 = -y. Let d(l) = -y*l - l + 0*l. Determine d(-2).
8
Suppose x - 6 = -x. Let l(n) be the third derivative of n**6/120 - n**5/12 + 5*n**4/24 - 2*n**3/3 - 2*n**2. Calculate l(x).
-7
Let v(s) be the first derivative of -s**2 + 22*s + 1. Let u(g) = 12. Let y(p) = -p - 1. Let b(j) = u(j) + y(j). Let h(c) = 5*b(c) - 2*v(c). Give h(6).
5
Let o be (-48)/18 + 1/(-3). Let p(j) = j**2 + 3*j - 3. Let u be p(2). Let y(v) = -4 - v**2 + 6*v**3 - u*v**3 - v**2. Give y(o).
5
Let m = -10 - -9. Let v(f) = -f**3 - 5*f**2 - 6*f - 6. Let w be v(-4). Let y(r) = -r**w + 4 - 2*r**2 - 5 + 9*r**3 + 5*r**2. Determine y(m).
-8
Let f(n) = 3*n**2 - 22*n**3 + 14*n**3 + 7*n**3 + 4*n**2 + 2. Determine f(7).
2
Suppose 4*i + g = 7 - 3, -3*i - g + 4 = 0. Let q(r) be the second derivative of -r**4/12 - r**3/6 + 3*r**2/2 - r. What is q(i)?
3
Let t(a) = -2*a**2 + a + 3. Suppose 0 = -4*m - 4*v + 4, -2*v + 7*v + 1 = -3*m. Determine t(m).
-12
Let s(x) = -x**3 + x**2 + x + 3. Let w be s(0). 